{"id":990,"date":"2022-05-27T12:10:39","date_gmt":"2022-05-27T10:10:39","guid":{"rendered":"https:\/\/kom-ilok.hr\/?page_id=990"},"modified":"2026-01-21T22:34:55","modified_gmt":"2026-01-21T21:34:55","slug":"savjetovanje-s-javnoscu","status":"publish","type":"page","link":"https:\/\/kom-ilok.hr\/?page_id=990","title":{"rendered":"SAVJETOVANJE S JAVNO\u0160\u0106U"},"content":{"rendered":"<p>[vc_row][vc_column][vc_column_text]<a href=\"\/wp-content\/uploads\/2025\/Javno-savjetovanje-godisnja-grobna-naknada.docx\">SAVJETOVANJE SA ZAINTERESIRANOM JAVNO\u0160\u0106U O PRIJEDLOGU CJENIKA GODI\u0160NJE GROBNE NAKNADE NA GROBLJIMA\u00a0 NA PODRU\u010cJU GRADA ILOKU<\/a><br \/>\n<a href=\"\/wp-content\/uploads\/2025\/OBRAZAC%20za%20savjetovanje-godisnja%20grobna%20naknada%202025.doc\">OBRAZAC SUDJELOVANJA U SAVJETOVANJU O NACRTU PRIJEDLOGA OP\u0106EG AKTA<\/a>[\/vc_column_text][\/vc_column][\/vc_row][vc_row][vc_column][vc_separator][\/vc_column][\/vc_row][vc_row][vc_column][vc_column_text]<a href=\"\/wp-content\/uploads\/2025\/Prijedlog%20odluke%20o%20cijeni%202025.god.-%20primjena%20od%2001.01.2026_%20%28004%29.docx\">PRIJEDLOG &#8211; Cjenik pru\u017eanja javne usluge sakupljanja komunalnog otpada na podru\u010dju Grada Iloka s datumom primjene od 1.01.2026.g.<\/a><br \/>\n<a href=\"\/wp-content\/uploads\/2025\/OBRAZAC%20za%20savjetovanje-2025.doc\">OBRAZAC SUDJELOVANJA U SAVJETOVANJU O NACRTU PRIJEDLOGA OP\u0106EG AKTA<\/a>[\/vc_column_text][\/vc_column][\/vc_row][vc_row][vc_column][vc_separator][\/vc_column][\/vc_row][vc_row][vc_column][vc_column_text]<a href=\"\/wp-content\/uploads\/2023\/Izvjesce-o-provedenom-javnom-savjetovanju-Cijena_ispr.pdf\" target=\"_blank\" rel=\"noopener\">IZVJE\u0160\u0106E O PROVEDENOM SAVJETOVANJU S JAVNO\u0160\u0106U<\/a><br \/>\n<a href=\"\/wp-content\/uploads\/2023\/Javno%20savjetovanje%20na%20prijedlog%20cjenika%20pruzanaj%20javne%20usluge_ispr.pdf\" target=\"_blank\" rel=\"noopener\">PRIJEDLOG Cjenika pru\u017eanja javne usluge sakupljanja komunalnog otpada na podru\u010dju Grada Iloka s datumom primjene od 1.01.2024.g.<\/a><br \/>\n<a href=\"\/wp-content\/uploads\/2023\/OBRAZAC%20za%20savjetovanje-2023.pdf\" target=\"_blank\" rel=\"noopener\">OBRAZAC SUDJELOVANJA U SAVJETOVANJU O NACRTU PRIJEDLOGA OP\u0106EG AKTA<\/a>[\/vc_column_text][\/vc_column][\/vc_row][vc_row][vc_column][vc_separator][\/vc_column][\/vc_row][vc_row][vc_column][vc_column_text]<a href=\"\/wp-content\/uploads\/2022\/IZVJESCE_O_PROVEDENOM_SAVJETOVANJU_S_JAVNOSCU_27052022.pdf\" target=\"_blank\" rel=\"noreferrer noopener\">IZVJE\u0160\u0106E O PROVEDENOM SAVJETOVANJU S JAVNO\u0160\u0106U<\/a> \/ 27.05.2022.<br \/>\n<a href=\"https:\/\/kom-ilok.hr\/wp-content\/uploads\/2022\/Prijedlog%20cijene%20javne%20usluge%202022%20-%20II.pdf\" target=\"_blank\" rel=\"noreferrer noopener\">Javno savjetovanje na prijedlog cjenika pru\u017eanja javne usluge skupljanja komunalnog otpada na podru\u010dju Grada Iloka<\/a><br \/>\n<a href=\"https:\/\/kom-ilok.hr\/wp-content\/uploads\/2022\/OBRAZAC%20za%20savjetovanje.doc\">OBRAZAC SUDJELOVANJA U SAVJETOVANJU O NACRTU PRIJEDLOGA OP\u0106EG AKTA<\/a> \/ 22.04.2022.[\/vc_column_text][\/vc_column][\/vc_row]<\/p>\n","protected":false},"excerpt":{"rendered":"<p>[vc_row][vc_column][vc_column_text]SAVJETOVANJE SA ZAINTERESIRANOM JAVNO\u0160\u0106U O PRIJEDLOGU CJENIKA GODI\u0160NJE GROBNE NAKNADE NA GROBLJIMA\u00a0 NA PODRU\u010cJU GRADA ILOKU OBRAZAC SUDJELOVANJA U SAVJETOVANJU O NACRTU PRIJEDLOGA OP\u0106EG AKTA[\/vc_column_text][\/vc_column][\/vc_row][vc_row][vc_column][vc_separator][\/vc_column][\/vc_row][vc_row][vc_column][vc_column_text]PRIJEDLOG &#8211; Cjenik pru\u017eanja javne usluge sakupljanja komunalnog otpada na podru\u010dju Grada Iloka s datumom primjene od 1.01.2026.g. OBRAZAC SUDJELOVANJA U SAVJETOVANJU O NACRTU PRIJEDLOGA OP\u0106EG AKTA[\/vc_column_text][\/vc_column][\/vc_row][vc_row][vc_column][vc_separator][\/vc_column][\/vc_row][vc_row][vc_column][vc_column_text]IZVJE\u0160\u0106E O PROVEDENOM SAVJETOVANJU S&hellip;<\/p>\n","protected":false},"author":1,"featured_media":0,"parent":0,"menu_order":0,"comment_status":"closed","ping_status":"closed","template":"","meta":{"footnotes":""},"class_list":["post-990","page","type-page","status-publish","hentry","description-off"],"_links":{"self":[{"href":"https:\/\/kom-ilok.hr\/index.php?rest_route=\/wp\/v2\/pages\/990","targetHints":{"allow":["GET"]}}],"collection":[{"href":"https:\/\/kom-ilok.hr\/index.php?rest_route=\/wp\/v2\/pages"}],"about":[{"href":"https:\/\/kom-ilok.hr\/index.php?rest_route=\/wp\/v2\/types\/page"}],"author":[{"embeddable":true,"href":"https:\/\/kom-ilok.hr\/index.php?rest_route=\/wp\/v2\/users\/1"}],"replies":[{"embeddable":true,"href":"https:\/\/kom-ilok.hr\/index.php?rest_route=%2Fwp%2Fv2%2Fcomments&post=990"}],"version-history":[{"count":16,"href":"https:\/\/kom-ilok.hr\/index.php?rest_route=\/wp\/v2\/pages\/990\/revisions"}],"predecessor-version":[{"id":1311,"href":"https:\/\/kom-ilok.hr\/index.php?rest_route=\/wp\/v2\/pages\/990\/revisions\/1311"}],"wp:attachment":[{"href":"https:\/\/kom-ilok.hr\/index.php?rest_route=%2Fwp%2Fv2%2Fmedia&parent=990"}],"curies":[{"name":"wp","href":"https:\/\/api.w.org\/{rel}","templated":true}]}}