{"id":895,"date":"2022-01-18T11:33:16","date_gmt":"2022-01-18T10:33:16","guid":{"rendered":"https:\/\/kom-ilok.hr\/?page_id=895"},"modified":"2023-02-15T13:13:13","modified_gmt":"2023-02-15T12:13:13","slug":"jednostavna-nabava-2022","status":"publish","type":"page","link":"https:\/\/kom-ilok.hr\/?page_id=895","title":{"rendered":"Javna nabava 2022"},"content":{"rendered":"<p>[vc_row][vc_column][vc_column_text]<strong>Registar ugovora javne nabave<\/strong><\/p>\n<p>U skladu s \u010dlankom 28. Zakona o javnoj nabavi (\u201eNarodne novine\u201c, broj 120\/16), \u010dlankom 7. Pravilnika o planu nabave, registru ugovora, prethodnom savjetovanju i analizi tr\u017ei\u0161ta u javnoj nabavi (\u201eNarodne novine\u201c, broj 101\/2017 i broj 144\/2020) Registar ugovora o javnoj nabavi i okvirnih sporazuma trgova\u010dkog dru\u0161tva Kom- Ilok d.o.o. Ilok dostupan je u Elektroni\u010dkom oglasniku javne nabave Republike Hrvatske na adresi:\u00a0<a href=\"https:\/\/eojn.nn.hr\/Oglasnik\/\" target=\"_blank\" rel=\"noopener\">https:\/\/eojn.nn.hr\/Oglasnik\/<\/a>, odabirom rubrike Registri ugovora.[\/vc_column_text][\/vc_column][\/vc_row][vc_row][vc_column][vc_column_text]<a href=\"\/wp-content\/uploads\/2022\/Plan%20Nabave_%20KOM-ILOK%20D.O.O.%20-%202022.pdf\" target=\"_blank\" rel=\"noopener\">PLAN NABAVE ZA 2022. GODINU<\/a><br \/>\n<a href=\"\/wp-content\/uploads\/2022\/IZMJENA%20PLANA%20NABAVE%20BR.%201.pdf\" target=\"_blank\" rel=\"noopener\">IZMJENA PLANA NABAVE BR.1<\/a> \/ 11.02.2022.<br \/>\n<a href=\"\/wp-content\/uploads\/2022\/IZMJENA%20PLANA%20NABAVE%20BR.%202.pdf\" target=\"_blank\" rel=\"noopener\">IZMJENA PLANA NABAVE BR.2<\/a> \/ 16.02.2022.<br \/>\n<a href=\"\/wp-content\/uploads\/2022\/IZMJENA%20PLANA%20NABAVE%20BR.%203.pdf\" target=\"_blank\" rel=\"noopener\">IZMJENA PLANA NABAVE BR.3<\/a> \/ 01.03.2022.<br \/>\n<a href=\"\/wp-content\/uploads\/2022\/IZMJENA%20PLANA%20NABAVE%20BR.%204_2.pdf\" target=\"_blank\" rel=\"noopener\">IZMJENA PLANA NABAVE BR.4<\/a> \/ 23.03.2022.<br \/>\n<a href=\"\/wp-content\/uploads\/2022\/IZMJENA%20PLANA%20NABAVE%20BR.%205-%2029.03.2022.god..pdf\" target=\"_blank\" rel=\"noopener\">IZMJENA PLANA NABAVE BR.5<\/a> \/ 29.03.2022.<br \/>\n<a href=\"\/wp-content\/uploads\/2022\/IZMJENA%20PLANA%20NABAVE%20BR.%206-%2015.06.2022.god..pdf\" target=\"_blank\" rel=\"noopener\">IZMJENA PLANA NABAVE BR.6<\/a> \/ 15.06.2022.<br \/>\n<span style=\"color: #ffffff;\">&#8211;<\/span><br \/>\n<span style=\"color: #ffffff;\">&#8211;<\/span><\/p>\n<ul>\n<li><a href=\"\/wp-content\/uploads\/2022\/poziv_59_2022_zamjena.pdf\" target=\"_blank\" rel=\"noopener\">POZIV ZA DOSTAVU PONUDA<\/a><br \/>\n<a href=\"\/wp-content\/uploads\/2022\/troskovnik_59_2022.xlsx\">TRO\u0160KOVNIK<\/a><br \/>\nUSLUGE POPRAVKA I ODR\u017dAVANJA RADNOG STROJA TEREX<br \/>\nEvidencijski broj jednostavne nabave 59-2022 \/ Ilok, srpanj 2022.<br \/>\n<span style=\"color: #ffffff;\">&#8211;<\/span><\/li>\n<li><a href=\"\/wp-content\/uploads\/2022\/poziv_dostava_ponude_46_2022.pdf\" target=\"_blank\" rel=\"noopener\">POZIV ZA DOSTAVU PONUDA U POSTUPKU JEDNOSTAVNE NABAVE \u2013 USLUGE<\/a><br \/>\n<a href=\"\/wp-content\/uploads\/2022\/troskovnik_igraliste_46_22.xlsx\">TRO\u0160KOVNIK<\/a><br \/>\nDOBAVA I MONTA\u017dA OPREME NA DJE\u010cIJIM IGRALI\u0160TIMA<br \/>\nEvidencijski broj jednostavne nabave 46-2022<br \/>\n<a href=\"\/wp-content\/uploads\/2022\/odluka_ponistenje_46_2022.pdf\" target=\"_blank\" rel=\"noopener\">OBAVIJEST O PONI\u0160TENJU POSTUPKA NABAVE<\/a> \/ 08.08.2022.<br \/>\n<span style=\"color: #ffffff;\">&#8211;<\/span><\/li>\n<li><a href=\"\/wp-content\/uploads\/2022\/POZIV_28_22.pdf\" target=\"_blank\" rel=\"noopener\">POZIV ZA DOSTAVU PONUDA U POSTUPKU JEDNOSTAVNE NABAVE \u2013 USLUGE<\/a><br \/>\n<a href=\"\/wp-content\/uploads\/2022\/KOM_ILOK_TENDER_IZMJENA_OSIGURANJE_27072022.xlsx\" target=\"_blank\" rel=\"noopener\">TRO\u0160KOVNIK<\/a><br \/>\nOSIGURANJE IMOVINE, ODGOVORNOSTI I OSOBA ZA POTREBE KOM-ILOKA d.o.o. ILOK<br \/>\nEvidencijski broj jednostavne nabave 28-2022 \/ Ilok, lipanj 2022.<br \/>\n<a href=\"\/wp-content\/uploads\/2022\/Obavijest_o_odabiru_28_2022.pdf\" target=\"_blank\" rel=\"noopener\">OBAVIJEST O ODABIRU NAJPOVOLJNIJE PONUDE<\/a> \/ 02.08.2022.<br \/>\n<span style=\"color: #ffffff;\">&#8211;<\/span><\/li>\n<li><a href=\"\/wp-content\/uploads\/2022\/Poziv_za-dostavu_ponude_23_2022.pdf\" target=\"_blank\" rel=\"noopener\">POZIV ZA DOSTAVU PONUDA<\/a><br \/>\n<a href=\"\/wp-content\/uploads\/2022\/troskovnik_23_2022.xlsx\">TRO\u0160KOVNIK<\/a><br \/>\nPOPRAVAK TERETNOG-SPECIJALNOG VOZILA MAN TGL<br \/>\nEvidencijski broj jednostavne nabave 23-2022 \/ srpanj, 2022.<br \/>\n<a href=\"\/wp-content\/uploads\/2022\/odabir_odluka_23_2022.pdf\" target=\"_blank\" rel=\"noopener\">OBAVIJEST O ODABIRU NAJPOVOLJNIJE PONUDE<\/a> \/ 26.07.2022.<br \/>\n<span style=\"color: #ffffff;\">&#8211;<\/span><\/li>\n<li><a href=\"\/wp-content\/uploads\/2022\/poziv_za_dostavu_ponude_41_2022_Hidraulicko_vezivo.pdf\" target=\"_blank\" rel=\"noopener\">POZIV ZA DOSTAVU PONUDA<\/a><br \/>\nHIDRAULI\u010cKO VEZIVO ZA POTREBE KOM-ILOKA d.o.o. ILOK U 2022.GOD.<br \/>\nEvidencijski broj jednostavne nabave 56-2022 \/ lipanj, 2022.<br \/>\n<a href=\"\/wp-content\/uploads\/2022\/odluka_ponistenje_41_2022.pdf\" target=\"_blank\" rel=\"noopener\">OBAVIJEST O PONI\u0160TENJU POSTUPKA NABAVE<\/a> \/ 27.06.2022.<br \/>\n<span style=\"color: #ffffff;\">&#8211;<\/span><\/li>\n<li><a href=\"\/wp-content\/uploads\/2022\/poziv_za_dostavu_ponude_20_2022_dozer_grajder.pdf\" target=\"_blank\" rel=\"noopener\">POZIV ZA DOSTAVU PONUDA<\/a><br \/>\nUSLUGE NAJMA RADNIH STROJEVA S RUKOVATELJEM-DOZER I GREJDER<br \/>\nEvidencijski broj jednostavne nabave 20-2022 \/ lipanj, 2022.<br \/>\n<a href=\"\/wp-content\/uploads\/2022\/obavijest_ponistenje_20_2022.pdf\" target=\"_blank\" rel=\"noopener\">OBAVIJEST O PONI\u0160TENJU POSTUPKA NABAVE<\/a> \/ 27.06.2022.<br \/>\n<span style=\"color: #ffffff;\">&#8211;<\/span><\/li>\n<li><a href=\"\/wp-content\/uploads\/2022\/poziv_za_dostavu_ponude_5_22_kameni_agregat.pdf\" target=\"_blank\" rel=\"noopener\">POZIV ZA DOSTAVU PONUDA<\/a><br \/>\nKAMENI AGREGAT ZA POTREBE KOM-ILOKA d.o.o. ILOK U 2022.GOD.<br \/>\nEvidencijski broj jednostavne nabave 5-2022 \/ lipanj, 2022.<br \/>\n<a href=\"\/wp-content\/uploads\/2022\/obavijest_ponistenje_5_2022.pdf\" target=\"_blank\" rel=\"noopener\">OBAVIJEST O PONI\u0160TENJU POSTUPKA NABAVE<\/a> \/ 27.06.2022.<br \/>\n<span style=\"color: #ffffff;\">&#8211;<\/span><\/li>\n<li><a href=\"\/wp-content\/uploads\/2022\/Poziv%20za%20dostavu%20ponude%2024-2022.pdf\" target=\"_blank\" rel=\"noopener\">POZIV ZA DOSTAVU PONUDA<\/a><br \/>\nUSLUGE ODR\u017dAVANJA VOZILA &#8211; RAD SERVISERA<br \/>\nEvidencijski broj jednostavne nabave 24-2022 \/ travanj, 2022.<br \/>\n<a href=\"\/wp-content\/uploads\/2022\/obavijest_odabir_24_2022.pdf\" target=\"_blank\" rel=\"noopener\">OBAVIJEST O ODABIRU NAJPOVOLJNIJE PONUDE<\/a> \/ 10.05.2022.<br \/>\n<span style=\"color: #ffffff;\">&#8211;<\/span><\/li>\n<li><a href=\"\/wp-content\/uploads\/2022\/Poziv%20za%20dostavu%20ponude%2057-2022.pdf\" target=\"_blank\" rel=\"noopener\">POZIV ZA DOSTAVU PONUDA<\/a><br \/>\n<a href=\"\/wp-content\/uploads\/2022\/Troskovnik%20za%20uslugu%20preinake%20ATEGO_57_2022.xlsx\">TRO\u0160KOVNIK<\/a><br \/>\nPREINAKA VOZILA &#8211; MERCEDES ATEGO &#8211; kiper sanduk<br \/>\nEvidencijski broj jednostavne nabave 57-2022 \/ travanj, 2022.<br \/>\n<a href=\"\/wp-content\/uploads\/2022\/Obavijest%20o%20odabiru%2057-2022.pdf\" target=\"_blank\" rel=\"noopener\">OBAVIJEST O ODABIRU NAJPOPVOLJNIJE PONUDE<\/a> \/ 21.04.2022.<br \/>\n<span style=\"color: #ffffff;\">&#8211;<\/span><\/li>\n<li><a href=\"\/wp-content\/uploads\/2022\/Poziv%20za%20dostavu%20ponude%2041-2022.pdf\" target=\"_blank\" rel=\"noopener\">POZIV ZA DOSTAVU PONUDA<\/a><br \/>\nCEMENT ZA POTREBE KOM-ILOKA d.o.o. ILOK U 2022.GOD.<br \/>\nEvidencijski broj jednostavne nabave 41-2022 \/ o\u017eujak, 2022.<br \/>\n<a href=\"\/wp-content\/uploads\/2022\/Obavijest%20o%20odabiru%2041-2022.pdf\" target=\"_blank\" rel=\"noopener\">OBAVIJEST O ODABIRU NAJPOPVOLJNIJE PONUDE<\/a> \/ 13.04.2022.<br \/>\n<span style=\"color: #ffffff;\">&#8211;<\/span><\/li>\n<li><a href=\"\/wp-content\/uploads\/2022\/Poziv%20za%20dostavu%20ponude%2056-2022.pdf\" target=\"_blank\" rel=\"noopener\">POZIV ZA DOSTAVU PONUDA<\/a><br \/>\nARMATURNA MRE\u017dA ZA POTREBE KOM-ILOKA d.o.o. ILOK U 2022.GOD.<br \/>\nEvidencijski broj jednostavne nabave 56-2022 \/ o\u017eujak, 2022.<br \/>\n<a href=\"\/wp-content\/uploads\/2022\/Obavijest%20o%20odabiru%2056-2022.pdf\" target=\"_blank\" rel=\"noopener\">OBAVIJEST O ODABIRU NAJPOPVOLJNIJE PONUDE<\/a> \/ 06.04.2022.<br \/>\n<span style=\"color: #ffffff;\">&#8211;<\/span><\/li>\n<li><a href=\"\/wp-content\/uploads\/2022\/Poziv%20za%20dostavu%20ponude%2037-2022.pdf\" target=\"_blank\" rel=\"noopener\">POZIV ZA DOSTAVU PONUDA<\/a><br \/>\nUSLUGE ZBRINJAVANJA OTPADA IZ RECIKLA\u017dNOG DVORI\u0160TA U ILOKU U 2022.GOD.<br \/>\nEvidencijski broj jednostavne nabave 37-2022 \/ o\u017eujak, 2022.<br \/>\n<a href=\"\/wp-content\/uploads\/2022\/Obavijest%20o%20odabiru%2037-2022.pdf\" target=\"_blank\" rel=\"noopener\">OBAVIJEST O ODABIRU NAJPOVOLJNIJE PONUDE<\/a> \/ 24.03.2022.<br \/>\n<span style=\"color: #ffffff;\">&#8211;<\/span><\/li>\n<li><a href=\"\/wp-content\/uploads\/2022\/Poziv%20za%20dostavu%20ponude%2055-2022.pdf\" target=\"_blank\" rel=\"noopener\">POZIV ZA DOSTAVU PONUDA<\/a><br \/>\nRABLJNO VOZILO ZA PRIJEVOZ &#8211; RABLJENO KOMBI VOZILO ZA POTREBE KOM-ILOKA d.o.o. ILOK U 2022.GOD.<br \/>\nEvidencijski broj jednostavne nabave 55-2022 \/ o\u017eujak, 2022.<br \/>\n<a href=\"\/wp-content\/uploads\/2022\/Obavijest%20o%20odabiru%2055-2022_2.pdf\" target=\"_blank\" rel=\"noopener\">OBAVIJEST O ODABIRU NAJPOVOLJNIJE PONUDE<\/a> \/ 31.03.2022.<br \/>\n<span style=\"color: #ffffff;\">&#8211;<\/span><\/li>\n<li><a href=\"\/wp-content\/uploads\/2022\/Poziv%20za%20dostavu%20ponude%2049-2022.pdf\" target=\"_blank\" rel=\"noopener\">POZIV ZA DOSTAVU PONUDA<\/a><br \/>\nRABLJNO VOZILO ZA PRIJEVOZ &#8211; OSOBNI AUTOMOBIL ZA POTREBE KOM-ILOKA d.o.o. ILOK U 2022.GOD.<br \/>\nEvidencijski broj jednostavne nabave 49-2022 \/ o\u017eujak, 2022.<br \/>\n<a href=\"\/wp-content\/uploads\/2022\/Obavijest%20o%20odabiru%2049-2022_2.pdf\" target=\"_blank\" rel=\"noopener\">OBAVIJEST O ODABIRU NAJPOVOLJNIJE PONUDE<\/a> \/ 29.03.2022.<br \/>\n<span style=\"color: #ffffff;\">&#8211;<\/span><\/li>\n<li><a href=\"\/wp-content\/uploads\/2022\/Poziv%20za%20dostavu%20ponude%2020-2022-ponovljeni%20postupak.pdf\" target=\"_blank\" rel=\"noopener\">POZIV ZA DOSTAVU PONUDA<\/a> (PONOVLJENI POSTUPAK)<br \/>\nUSLUGE NAJMA RADNIH STROJEVA S RUKOVATELJEM<br \/>\nEvidencijski broj jednostavne nabave 20-2022 \/ velja\u010da, 2022.<br \/>\n<a href=\"\/wp-content\/uploads\/2022\/odluka_odabir_20_2022.pdf\" target=\"_blank\" rel=\"noopener\">OBAVIJEST O ODABIRU NAJPOVOLJNIJE PONUDE<\/a> \/ 24.01.2022.<br \/>\n<span style=\"color: #ffffff;\">&#8211;<\/span><\/li>\n<li><a href=\"\/wp-content\/uploads\/2022\/Poziv%20za%20dostavu%20ponude%208-2022-%20ponovljeni%20postupak.pdf\" target=\"_blank\" rel=\"noopener\">POZIV ZA DOSTAVU PONUDA<\/a> (PONOVLJENI POSTUPAK)<br \/>\nPROIZVODI OD BETONA ZA POTREBE KOM-ILOKA d.o.o. ILOK U 2022.GOD.<br \/>\nEvidencijski broj jednostavne nabave 8-2022 \/ velja\u010da, 2022.<br \/>\n<a href=\"\/wp-content\/uploads\/2022\/odluka_odabir_8_2022.pdf\" target=\"_blank\" rel=\"noopener\">OBAVIJEST O ODABIRU NAJPOVOLJNIJE PONUDE<\/a> \/ 24.01.2022.<br \/>\n<span style=\"color: #ffffff;\">&#8211;<\/span><\/li>\n<li><a href=\"\/wp-content\/uploads\/2022\/Poziv%20za%20dostavu%20ponude%208-2022-%20Proizvodi%20od%20betona.pdf\" target=\"_blank\" rel=\"noopener\">POZIV ZA DOSTAVU PONUDA<\/a><br \/>\nPROIZVODI OD BETONA ZA POTREBE KOM-ILOKA d.o.o. ILOK U 2022.GOD.<br \/>\nEvidencijski broj jednostavne nabave 8-2022 \/ velja\u010da, 2022.<br \/>\n<a href=\"\/wp-content\/uploads\/2022\/Obavijest%20o%20ponistenju%208-2022.pdf\" target=\"_blank\" rel=\"noopener\">OBAVIJEST O PONI\u0160TENJU POSTUPKA NABAVE<\/a> \/ 25.02.2022.<br \/>\n<span style=\"color: #ffffff;\">&#8211;<\/span><\/li>\n<li><a href=\"\/wp-content\/uploads\/2022\/Poziv%20za%20dostavu%20ponude%206-2022-Asfalt.pdf\" target=\"_blank\" rel=\"noopener\">POZIV ZA DOSTAVU PONUDA<\/a><br \/>\nASFALT ZA POTREBE KOM-ILOKA d.o.o. ILOK U 2022.GOD.<br \/>\nEvidencijski broj jednostavne nabave 6-2022 \/ velja\u010da, 2022.<br \/>\n<a href=\"\/wp-content\/uploads\/2022\/Obavijest%20o%20odabiru%206-2022.pdf\" target=\"_blank\" rel=\"noopener\">OBAVIJEST O ODABIRU NAJPOVOLJNIJE PONUDE<\/a> \/ 02.03.2022.<br \/>\n<span style=\"color: #ffffff;\">&#8211;<\/span><\/li>\n<li><a href=\"\/wp-content\/uploads\/2022\/Poziv%20za%20dostavu%20ponude%2023-2022.pdf\" target=\"_blank\" rel=\"noopener\">POZIV ZA DOSTAVU PONUDA<\/a><br \/>\n<a href=\"\/wp-content\/uploads\/2022\/TroSkovnik%2023-2022.xlsx\">TRO\u0160KOVNIK<\/a><br \/>\nPOPRAVAK TERETNOG VOZILA MERCEDES ATEGO<br \/>\nEvidencijski broj jednostavne nabave 23-2022 \/ velja\u010da, 2022<br \/>\n<a href=\"\/wp-content\/uploads\/2022\/Obavijest%20o%20odabiru%2023-2022.pdf\" target=\"_blank\" rel=\"noopener\">OBAVIJEST O ODABIRU NAJPOVOLJNIJE PONUDE<\/a> \/ 02.03.2022.<br \/>\n<span style=\"color: #ffffff;\">&#8211;<\/span><\/li>\n<li><a href=\"\/wp-content\/uploads\/2022\/Poziv%20za%20dostavu%20ponude%2050-2022.pdf\" target=\"_blank\" rel=\"noopener\">POZIV ZA DOSTAVU PONUDA<\/a><br \/>\n<a href=\"\/wp-content\/uploads\/2022\/Troskovnik%20-beton%2050-2022.xls\">TRO\u0160KOVNIK<\/a><br \/>\nBETON ZA POTREBE KOM-ILOKA d.o.o. ILOK U 2022.GOD.<br \/>\nEvidencijski broj jednostavne nabave 50-2022 \/ velja\u010da, 2022.<br \/>\n<a href=\"\/wp-content\/uploads\/2022\/Obavijest%20o%20odabiru%2050-2022.pdf\" target=\"_blank\" rel=\"noopener\">OBAVIJEST O ODABIRU NAJPOVOLJNIJE PONUDE<\/a> \/ 02.03.2022.<br \/>\n<span style=\"color: #ffffff;\">&#8211;<\/span><\/li>\n<li><a href=\"\/wp-content\/uploads\/2022\/Poziv%20za%20dostavu%20ponude%2020-2022.pdf\" target=\"_blank\" rel=\"noopener\">POZIV ZA DOSTAVU PONUDA<\/a><br \/>\nUSLUGE NAJMA RADNIH STROJEVA S RUKOVATELJEM<br \/>\nEvidencijski broj jednostavne nabave 20-2022 \/ velja\u010da, 2022.<br \/>\n<a href=\"\/wp-content\/uploads\/2022\/Obavijest%20o%20ponistenju%2020-2022.pdf\" target=\"_blank\" rel=\"noopener\">OBAVIJEST O PONI\u0160TENJU POSTUPKA NABAVE<\/a> \/ 25.02.2022.<br \/>\n<span style=\"color: #ffffff;\">&#8211;<\/span><\/li>\n<li><a href=\"\/wp-content\/uploads\/2022\/POZIV_DOSTAVA_PONUDE_07_2022.pdf\" target=\"_blank\" rel=\"noopener\">POZIV ZA DOSTAVU PONUDA U POSTUPKU JEDNOSTAVNE NABAVE \u2013 ROBA<\/a><br \/>\n<a href=\"\/wp-content\/uploads\/2022\/TROSKOVNIK_GRADJEVINSKI_MATERIJAL_07_2022.xlsx\">TRO\u0160KOVNIK GRA\u0110EVINSKOG MATERIJALA ZA 2022.<\/a><br \/>\nGRA\u0110EVINSKI MATERIJAL ZA POTREBE KOM-ILOKA d.o.o. ILOK U 2022.god.<br \/>\nEvidencijski broj jednostavne nabave 7-2022<br \/>\n<a href=\"\/wp-content\/uploads\/2022\/Obavijest%20o%20odabiru%207-2022.pdf\" target=\"_blank\" rel=\"noopener\">OBAVIJEST O ODABIRU NAJPOVOLJNIJE PONUDE<\/a> \/ 16.02.2022.<br \/>\n<span style=\"color: #ffffff;\">&#8211;<\/span><\/li>\n<li><a href=\"\/wp-content\/uploads\/2022\/Poziv%20za%20dostavu%20ponude%20pogrebna%20oprema%2030-2022.pdf\" target=\"_blank\" rel=\"noopener\">POZIV ZA DOSTAVU PONUDA U POSTUPKU JEDNOSTAVNE NABAVE \u2013 ROBA<\/a><br \/>\n<a href=\"\/wp-content\/uploads\/2022\/Specifikacija%20i%20opis%20proizvoda-%20pogrebna%20oprema%202022.xls\">TRO\u0160KOVNIK NABAVE POGREBNE OPREME U 2022.GOD.<\/a><br \/>\nPOGREBNA OPREMA ZA POTREBE KOM-ILOKA d.o.o. ILOK U 2022.GOD.<br \/>\nEvidencijski broj jednostavne nabave 30-2022 \/ sije\u010danj, 2022.<br \/>\n<a href=\"\/wp-content\/uploads\/2022\/Obavijest%20o%20odabiru%2030-2022.pdf\" target=\"_blank\" rel=\"noopener\">OBAVIJEST O ODABIRU NAJPOPVOLJNIJE PONUDE<\/a> \/ 08.02.2022.<br \/>\n<span style=\"color: #ffffff;\">&#8211;<\/span><\/li>\n<li><a href=\"\/wp-content\/uploads\/2022\/Poziv%20za%20dostavu%20ponude%205-2022.pdf\" target=\"_blank\" rel=\"noopener\">POZIV ZA DOSTAVU PONUDA U POSTUPKU JEDNOSTAVNE NABAVE \u2013 ROBA<\/a><br \/>\n\u0160LJUNAK, PIJESAK I KAMEN ZA POTREBE KOM-ILOKA d.o.o. ILOK U 2022.god.<br \/>\nEvidencijski broj jednostavne nabave 5-2022 \/ sije\u010danj, 2022.<br \/>\n<a href=\"\/wp-content\/uploads\/2022\/Obavijest_odabir_5_2022.pdf\" target=\"_blank\" rel=\"noopener\">OBAVIJEST O ODABIRU NAJPOVOLJNIJE PONUDE<\/a> \/ 24.01.2022.<br \/>\n<span style=\"color: #ffffff;\">&#8211;<\/span><\/li>\n<li><a href=\"\/wp-content\/uploads\/2022\/Poziv%20za%20dostavu%20ponude%20motona%20goriva%201-2022_zamjena.pdf\" target=\"_blank\" rel=\"noopener\">POZIV ZA DOSTAVU PONUDA U POSTUPKU JEDNOSTAVNE NABAVE \u2013 ROBA<\/a><br \/>\nMOTORNA GORIVA ZA POTREBE KOM-ILOKA d.o.o. ILOK U 2022.GOD.<br \/>\nEvidencijski broj jednostavne nabave 1-2022 \/ sije\u010danj, 2022.<br \/>\n<a href=\"\/wp-content\/uploads\/2022\/Obavijest%20o%20odabiru%201-2022.pdf\" target=\"_blank\" rel=\"noopener\">OBAVIJEST O ODABIRU NAJPOPVOLJNIJE PONUDE<\/a> \/ 07.02.2022.<\/li>\n<\/ul>\n<p>[\/vc_column_text][\/vc_column][\/vc_row]<\/p>\n","protected":false},"excerpt":{"rendered":"<p>[vc_row][vc_column][vc_column_text]Registar ugovora javne nabave U skladu s \u010dlankom 28. Zakona o javnoj nabavi (\u201eNarodne novine\u201c, broj 120\/16), \u010dlankom 7. Pravilnika o planu nabave, registru ugovora, prethodnom savjetovanju i analizi tr\u017ei\u0161ta u javnoj nabavi (\u201eNarodne novine\u201c, broj 101\/2017 i broj 144\/2020) Registar ugovora o javnoj nabavi i okvirnih sporazuma trgova\u010dkog dru\u0161tva Kom- Ilok d.o.o. Ilok dostupan&hellip;<\/p>\n","protected":false},"author":1,"featured_media":0,"parent":29,"menu_order":0,"comment_status":"closed","ping_status":"closed","template":"","meta":{"footnotes":""},"class_list":["post-895","page","type-page","status-publish","hentry","description-off"],"_links":{"self":[{"href":"https:\/\/kom-ilok.hr\/index.php?rest_route=\/wp\/v2\/pages\/895","targetHints":{"allow":["GET"]}}],"collection":[{"href":"https:\/\/kom-ilok.hr\/index.php?rest_route=\/wp\/v2\/pages"}],"about":[{"href":"https:\/\/kom-ilok.hr\/index.php?rest_route=\/wp\/v2\/types\/page"}],"author":[{"embeddable":true,"href":"https:\/\/kom-ilok.hr\/index.php?rest_route=\/wp\/v2\/users\/1"}],"replies":[{"embeddable":true,"href":"https:\/\/kom-ilok.hr\/index.php?rest_route=%2Fwp%2Fv2%2Fcomments&post=895"}],"version-history":[{"count":59,"href":"https:\/\/kom-ilok.hr\/index.php?rest_route=\/wp\/v2\/pages\/895\/revisions"}],"predecessor-version":[{"id":1066,"href":"https:\/\/kom-ilok.hr\/index.php?rest_route=\/wp\/v2\/pages\/895\/revisions\/1066"}],"up":[{"embeddable":true,"href":"https:\/\/kom-ilok.hr\/index.php?rest_route=\/wp\/v2\/pages\/29"}],"wp:attachment":[{"href":"https:\/\/kom-ilok.hr\/index.php?rest_route=%2Fwp%2Fv2%2Fmedia&parent=895"}],"curies":[{"name":"wp","href":"https:\/\/api.w.org\/{rel}","templated":true}]}}