{"id":786,"date":"2021-03-16T14:41:43","date_gmt":"2021-03-16T13:41:43","guid":{"rendered":"https:\/\/kom-ilok.hr\/?page_id=786"},"modified":"2025-07-21T20:56:00","modified_gmt":"2025-07-21T18:56:00","slug":"godisnja-izvjesca-2020","status":"publish","type":"page","link":"https:\/\/kom-ilok.hr\/?page_id=786","title":{"rendered":"Godi\u0161nja izvje\u0161\u0107a 2020."},"content":{"rendered":"<p>[vc_row][vc_column][vc_column_text]<a href=\"\/wp-content\/uploads\/2021\/IZVJESCE_ZA_2020_GOD.pdf\" target=\"_blank\" rel=\"noopener\">IZVJE\u0160\u0106E O POSLOVANJU KOM-ILOK D.O.O. ILOK ZA 2020.GODINU\u00a0<\/a><br \/>\n<a href=\"\/wp-content\/uploads\/2021\/BILANCA_ZA_2020_GOD.pdf\" target=\"_blank\" rel=\"noopener\">BILANCA stanje na dan 31.12.2020.<\/a><br \/>\n<a href=\"\/wp-content\/uploads\/2021\/RACUN_DOB_GUB_ZA2020.pdf\" target=\"_blank\" rel=\"noopener\">RA\u010cUN DOBITI I GUBITKA za razdoblje 01.01.2020. do 31.12.2020.<\/a><br \/>\n<a href=\"\/wp-content\/uploads\/2021\/BILJESKE_UZ_GFI_ZA_2020.pdf\" target=\"_blank\" rel=\"noopener\">BILJE\u0160KE UZ FINANCIJSKE IZVJE\u0160TAJE NA DAN 31.12.2020. GODINE<\/a><br \/>\n<a href=\"\/wp-content\/uploads\/2021\/donacije_2020.pdf\" target=\"_blank\" rel=\"noopener\">PRIMATELJI DONACIJA I SPONZORSTVA U 2020.GOD.<\/a><br \/>\n<a href=\"\/wp-content\/uploads\/2021\/Plan_poslovanja_za_2020_kom_ilok.pdf\" target=\"_blank\" rel=\"noopener\">PLAN POSLOVANJA ZA 2020. GODINU<\/a>[\/vc_column_text][\/vc_column][\/vc_row]<\/p>\n","protected":false},"excerpt":{"rendered":"<p>[vc_row][vc_column][vc_column_text]IZVJE\u0160\u0106E O POSLOVANJU KOM-ILOK D.O.O. ILOK ZA 2020.GODINU\u00a0 BILANCA stanje na dan 31.12.2020. RA\u010cUN DOBITI I GUBITKA za razdoblje 01.01.2020. do 31.12.2020. BILJE\u0160KE UZ FINANCIJSKE IZVJE\u0160TAJE NA DAN 31.12.2020. GODINE PRIMATELJI DONACIJA I SPONZORSTVA U 2020.GOD. PLAN POSLOVANJA ZA 2020. GODINU[\/vc_column_text][\/vc_column][\/vc_row]<\/p>\n","protected":false},"author":1,"featured_media":0,"parent":204,"menu_order":0,"comment_status":"closed","ping_status":"closed","template":"","meta":{"footnotes":""},"class_list":["post-786","page","type-page","status-publish","hentry","description-off"],"_links":{"self":[{"href":"https:\/\/kom-ilok.hr\/index.php?rest_route=\/wp\/v2\/pages\/786","targetHints":{"allow":["GET"]}}],"collection":[{"href":"https:\/\/kom-ilok.hr\/index.php?rest_route=\/wp\/v2\/pages"}],"about":[{"href":"https:\/\/kom-ilok.hr\/index.php?rest_route=\/wp\/v2\/types\/page"}],"author":[{"embeddable":true,"href":"https:\/\/kom-ilok.hr\/index.php?rest_route=\/wp\/v2\/users\/1"}],"replies":[{"embeddable":true,"href":"https:\/\/kom-ilok.hr\/index.php?rest_route=%2Fwp%2Fv2%2Fcomments&post=786"}],"version-history":[{"count":4,"href":"https:\/\/kom-ilok.hr\/index.php?rest_route=\/wp\/v2\/pages\/786\/revisions"}],"predecessor-version":[{"id":1294,"href":"https:\/\/kom-ilok.hr\/index.php?rest_route=\/wp\/v2\/pages\/786\/revisions\/1294"}],"up":[{"embeddable":true,"href":"https:\/\/kom-ilok.hr\/index.php?rest_route=\/wp\/v2\/pages\/204"}],"wp:attachment":[{"href":"https:\/\/kom-ilok.hr\/index.php?rest_route=%2Fwp%2Fv2%2Fmedia&parent=786"}],"curies":[{"name":"wp","href":"https:\/\/api.w.org\/{rel}","templated":true}]}}