{"id":278,"date":"2018-02-07T09:09:08","date_gmt":"2018-02-07T08:09:08","guid":{"rendered":"http:\/\/kom-ilok.hr\/?page_id=278"},"modified":"2025-07-21T20:55:47","modified_gmt":"2025-07-21T18:55:47","slug":"2017-2","status":"publish","type":"page","link":"https:\/\/kom-ilok.hr\/?page_id=278","title":{"rendered":"Godi\u0161nja izvje\u0161\u0107a 2017."},"content":{"rendered":"<p><a href=\"\/wp-content\/uploads\/2018\/dokumenti\/donacije_sponzorstva_2017.pdf\" target=\"_blank\" rel=\"noopener\">PRIMATELJI DONACIJA I SPONZORSTVA U 2017. GODINI<\/a><\/p>\n","protected":false},"excerpt":{"rendered":"<p>PRIMATELJI DONACIJA I SPONZORSTVA U 2017. GODINI<\/p>\n","protected":false},"author":1,"featured_media":0,"parent":204,"menu_order":0,"comment_status":"closed","ping_status":"closed","template":"","meta":{"footnotes":""},"class_list":["post-278","page","type-page","status-publish","hentry","description-off"],"_links":{"self":[{"href":"https:\/\/kom-ilok.hr\/index.php?rest_route=\/wp\/v2\/pages\/278","targetHints":{"allow":["GET"]}}],"collection":[{"href":"https:\/\/kom-ilok.hr\/index.php?rest_route=\/wp\/v2\/pages"}],"about":[{"href":"https:\/\/kom-ilok.hr\/index.php?rest_route=\/wp\/v2\/types\/page"}],"author":[{"embeddable":true,"href":"https:\/\/kom-ilok.hr\/index.php?rest_route=\/wp\/v2\/users\/1"}],"replies":[{"embeddable":true,"href":"https:\/\/kom-ilok.hr\/index.php?rest_route=%2Fwp%2Fv2%2Fcomments&post=278"}],"version-history":[{"count":5,"href":"https:\/\/kom-ilok.hr\/index.php?rest_route=\/wp\/v2\/pages\/278\/revisions"}],"predecessor-version":[{"id":1291,"href":"https:\/\/kom-ilok.hr\/index.php?rest_route=\/wp\/v2\/pages\/278\/revisions\/1291"}],"up":[{"embeddable":true,"href":"https:\/\/kom-ilok.hr\/index.php?rest_route=\/wp\/v2\/pages\/204"}],"wp:attachment":[{"href":"https:\/\/kom-ilok.hr\/index.php?rest_route=%2Fwp%2Fv2%2Fmedia&parent=278"}],"curies":[{"name":"wp","href":"https:\/\/api.w.org\/{rel}","templated":true}]}}