{"id":217,"date":"2018-01-15T10:49:26","date_gmt":"2018-01-15T09:49:26","guid":{"rendered":"http:\/\/kom-ilok.hr\/?page_id=217"},"modified":"2022-10-19T19:50:44","modified_gmt":"2022-10-19T17:50:44","slug":"zakoni","status":"publish","type":"page","link":"https:\/\/kom-ilok.hr\/?page_id=217","title":{"rendered":"Zakoni"},"content":{"rendered":"<p>[vc_row][vc_column][vc_column_text]<strong>TRGOVA\u010cKA DRU\u0160TVA, OBVEZNI I RADNI ODNOSI<\/strong><\/p>\n<p>Zakon o trgova\u010dkim dru\u0161tvima (NN\u00a0<a href=\"https:\/\/narodne-novine.nn.hr\/clanci\/sluzbeni\/1993_12_111_2133.html\">111\/93<\/a>,\u00a0<a href=\"https:\/\/www.zakon.hr\/cms.htm?id=39355\">34\/99<\/a>,\u00a0<a href=\"https:\/\/www.zakon.hr\/cms.htm?id=39357\">121\/99<\/a>,\u00a0<a href=\"https:\/\/www.zakon.hr\/cms.htm?id=39359\">52\/00<\/a>,\u00a0<a href=\"https:\/\/www.zakon.hr\/cms.htm?id=39361\">118\/03<\/a>,\u00a0<a href=\"https:\/\/www.zakon.hr\/cms.htm?id=39363\">107\/07<\/a>,\u00a0<a href=\"https:\/\/www.zakon.hr\/cms.htm?id=39365\">146\/08<\/a>,<\/p>\n<p><a href=\"https:\/\/www.zakon.hr\/cms.htm?id=39367\">137\/09<\/a>,\u00a0<a href=\"https:\/\/www.zakon.hr\/cms.htm?id=39369\">125\/11<\/a>,\u00a0<a href=\"https:\/\/narodne-novine.nn.hr\/clanci\/sluzbeni\/2011_12_152_3144.html\">152\/11<\/a>,\u00a0<a href=\"https:\/\/www.zakon.hr\/cms.htm?id=39371\">111\/12<\/a>,\u00a0<a href=\"https:\/\/www.zakon.hr\/cms.htm?id=39373\">68\/13<\/a>,\u00a0<a href=\"https:\/\/www.zakon.hr\/cms.htm?id=39353\">110\/15<\/a>,\u00a0<a href=\"https:\/\/www.zakon.hr\/cms.htm?id=39375\">40\/19<\/a>)<\/p>\n<p>Zakon o radu (NN\u00a0<a href=\"https:\/\/www.zakon.hr\/cms.htm?id=26185\">93\/14<\/a>,\u00a0<a href=\"https:\/\/www.zakon.hr\/cms.htm?id=26183\">127\/17 ,<\/a><a href=\"https:\/\/narodne-novine.nn.hr\/clanci\/sluzbeni\/2019_10_98_1940.html\">98\/19)<\/a><\/p>\n<p>Zakon o obveznim odnosima (NN\u00a0<a href=\"http:\/\/www.zakon.hr\/cms.htm?id=96\">35\/05<\/a>,\u00a0<a href=\"http:\/\/www.zakon.hr\/cms.htm?id=97\">41\/08<\/a>,\u00a0<a href=\"http:\/\/www.zakon.hr\/cms.htm?id=98\">125\/11<\/a>,\u00a0<a href=\"http:\/\/www.zakon.hr\/cms.htm?id=12058\">78\/15<\/a>,\u00a0<a href=\"https:\/\/www.zakon.hr\/cms.htm?id=27649\">29\/18<\/a>)<\/p>\n<p>Zakon o vlasni\u0161tvu i drugim stvarnim pravima (NN\u00a0<a href=\"https:\/\/www.zakon.hr\/cms.htm?id=32383\">91\/96<\/a>,\u00a0<a href=\"https:\/\/www.zakon.hr\/cms.htm?id=32385\">68\/98<\/a>,\u00a0<a href=\"https:\/\/www.zakon.hr\/cms.htm?id=32387\">137\/99<\/a>,\u00a0<a href=\"https:\/\/www.zakon.hr\/cms.htm?id=32389\">22\/00<\/a>,\u00a0<a href=\"https:\/\/www.zakon.hr\/cms.htm?id=32391\">73\/00<\/a>,\u00a0<a href=\"https:\/\/www.zakon.hr\/cms.htm?id=32393\">129\/00<\/a>,\u00a0<a href=\"https:\/\/www.zakon.hr\/cms.htm?id=32395\">114\/01<\/a>,\u00a0<a href=\"https:\/\/www.zakon.hr\/cms.htm?id=32397\">79\/06<\/a>,\u00a0<a href=\"https:\/\/www.zakon.hr\/cms.htm?id=32399\">141\/06<\/a>,\u00a0<a href=\"https:\/\/www.zakon.hr\/cms.htm?id=32401\">146\/08<\/a>,\u00a0<a href=\"https:\/\/www.zakon.hr\/cms.htm?id=32403\">38\/09<\/a>,\u00a0<a href=\"https:\/\/www.zakon.hr\/cms.htm?id=32405\">153\/09<\/a>,\u00a0<a href=\"https:\/\/www.zakon.hr\/cms.htm?id=32407\">143\/12<\/a>,\u00a0<a href=\"https:\/\/www.zakon.hr\/cms.htm?id=32409\">152\/14<\/a>,\u00a0<a href=\"https:\/\/narodne-novine.nn.hr\/clanci\/sluzbeni\/2015_07_81_1548.html\">81\/15<\/a>\u00a0\u00a0i\u00a0<a href=\"https:\/\/narodne-novine.nn.hr\/clanci\/sluzbeni\/2017_09_94_2194.html\">94\/17<\/a>\u00a0)<\/p>\n<p>Ovr\u0161ni zakon (NN\u00a0<a href=\"http:\/\/www.zakon.hr\/cms.htm?id=1015\">112\/12<\/a>,\u00a0<a href=\"http:\/\/www.zakon.hr\/cms.htm?id=1016\">25\/13<\/a>,\u00a0<a href=\"http:\/\/www.zakon.hr\/cms.htm?id=1017\">93\/14<\/a>,\u00a0<a href=\"http:\/\/www.zakon.hr\/cms.htm?id=16938\">55\/16<\/a>,\u00a0<a href=\"https:\/\/www.zakon.hr\/cms.htm?id=18815\">73\/17)<\/a><\/p>\n<p>Zakon o javnoj nabavi (NN\u00a0<a href=\"https:\/\/www.zakon.hr\/z\/223\/Zakon-o-javnoj-nabavi\">120\/16)<\/a><\/p>\n<p>&nbsp;<\/p>\n<p><strong>ZA\u0160TITA POTRO\u0160A\u010cA, OSOBNIH PODATAKA I PRISTUP INFORMACIJAMA<\/strong><\/p>\n<p>Zakon o za\u0161titi potro\u0161a\u010da (NN\u00a0<a href=\"http:\/\/narodne-novine.nn.hr\/clanci\/sluzbeni\/2014_03_41_723.html\">41\/14<\/a>,\u00a0<a href=\"https:\/\/www.zakon.hr\/z\/193\/Zakon-o-za%C5%A1titi-potro%C5%A1a%C4%8Da\">14\/19<\/a>)<\/p>\n<p>Zakon o provedbi Op\u0107e uredbe o za\u0161titi podataka (<a href=\"https:\/\/www.zakon.hr\/z\/1023\/Zakon-o-provedbi-Op%C4%87e-uredbe-o-za%C5%A1titi-podataka\">NN 42\/18<\/a>)<\/p>\n<p>Zakon o pravu na pristup informacijama ( NN<a href=\"http:\/\/narodne-novine.nn.hr\/clanci\/sluzbeni\/2013_02_25_403.html\">\u00a025\/13<\/a>\u00a0; NN\u00a0<a href=\"http:\/\/narodne-novine.nn.hr\/clanci\/sluzbeni\/2015_08_85_1649.html\">85\/15<\/a>\u00a0)<\/p>\n<p>Pravilnik o sadr\u017eaju i na\u010dinu vo\u0111enja Evidencije isklju\u010divih prava na ponovnu uporabu informacija (NN\u00a0<a href=\"http:\/\/narodne-novine.nn.hr\/clanci\/sluzbeni\/2016_03_20_582.html\">20\/16\u00a0<\/a>)<\/p>\n<p>&nbsp;<\/p>\n<p><strong>KOMUNALNO GOSPODARSTVO I GOSPODARENJE OTPADOM<\/strong><\/p>\n<p>Zakon o komunalnom gospodarstvu (NN<a href=\"https:\/\/www.zakon.hr\/z\/319\/Zakon-o-komunalnom-gospodarstvu\">\u00a068\/18, 110\/18<\/a>,\u00a0<a href=\"https:\/\/narodne-novine.nn.hr\/clanci\/sluzbeni\/2020_03_32_708.html\" target=\"_blank\" rel=\"noopener\">32\/20<\/a>)<\/p>\n<p>Zakon o gospodarenju otpadom (NN<a href=\"https:\/\/narodne-novine.nn.hr\/clanci\/sluzbeni\/2021_07_84_1554.html\">\u00a084\/21<\/a>)<\/p>\n<p>Uredba o kategorijama, vrstama i klasifikaciji otpada s katalogom otpada i listom opasnog otpada (NN\u00a0<a href=\"http:\/\/narodne-novine.nn.hr\/clanci\/sluzbeni\/288486.html\">50\/05<\/a>,\u00a0<a href=\"http:\/\/narodne-novine.nn.hr\/clanci\/sluzbeni\/2009_03_39_881.html\">39\/09<\/a>)<\/p>\n<p>Pravilnik o gospodarenju otpadom (NN\u00a0<a href=\"https:\/\/narodne-novine.nn.hr\/clanci\/sluzbeni\/2022_09_106_1552.html\">106\/22<\/a>)<\/p>\n<p>Pravilnik o ambala\u017ei i otpadnoj ambala\u017ei (<a href=\"https:\/\/narodne-novine.nn.hr\/clanci\/sluzbeni\/2015_08_88_1735.html\">NN 88\/15<\/a>, 78\/16, 116\/17, 14\/20,\u00a0<a href=\"https:\/\/narodne-novine.nn.hr\/clanci\/sluzbeni\/2020_12_144_2773.html\">144\/20<\/a>)<\/p>\n<p>Pravilnik o gospodarenju otpadnim gumama(NN\u00a0<a href=\"https:\/\/narodne-novine.nn.hr\/clanci\/sluzbeni\/full\/2016_12_113_2493.html\">113\/16)<\/a><\/p>\n<p>Pravilnik o gospodarenju otpadnim uljima (NN\u00a0<a href=\"http:\/\/narodne-novine.nn.hr\/clanci\/sluzbeni\/128505.html\">124\/06<\/a>,\u00a0<a href=\"http:\/\/narodne-novine.nn.hr\/clanci\/sluzbeni\/342027.html\">121\/08<\/a>,\u00a0<a href=\"http:\/\/narodne-novine.nn.hr\/clanci\/sluzbeni\/2009_03_31_682.html\">31\/09<\/a>,\u00a0<a href=\"http:\/\/narodne-novine.nn.hr\/clanci\/sluzbeni\/2009_12_156_3896.html\">156\/09<\/a>\u00a0,\u00a0<a href=\"http:\/\/narodne-novine.nn.hr\/clanci\/sluzbeni\/2011_08_91_1946.html\">91\/11<\/a>\u00a0,\u00a0<a href=\"http:\/\/narodne-novine.nn.hr\/clanci\/sluzbeni\/2012_04_45_1127.html\">45\/12<\/a>\u00a0,\u00a0<a href=\"http:\/\/narodne-novine.nn.hr\/clanci\/sluzbeni\/2013_07_86_1933.html\">86\/13<\/a>)<\/p>\n<p>Pravilnik o baterijama i akumulatorima i otpadnim baterijama i akumulatorima (NN\u00a0<a href=\"https:\/\/narodne-novine.nn.hr\/clanci\/sluzbeni\/2015_10_111_2147.html\">111\/15<\/a>)<\/p>\n<p>Pravilnik o gospodarenju otpadnim vozilima (NN\u00a0<a href=\"http:\/\/narodne-novine.nn.hr\/clanci\/sluzbeni\/2015_11_125_2384.html\">125\/15<\/a>,\u00a0<a href=\"https:\/\/narodne-novine.nn.hr\/clanci\/sluzbeni\/2018_08_72_1488.html\">72\/18<\/a>,\u00a0<a href=\"https:\/\/narodne-novine.nn.hr\/clanci\/sluzbeni\/2020_07_81_1519.html\">81\/20<\/a>)<\/p>\n<p>Pravilnik o gospodarenju otpadnim elektri\u010dnim i elektroni\u010dkim ure\u0111ajima i opremom (NN\u00a0<a href=\"http:\/\/narodne-novine.nn.hr\/clanci\/sluzbeni\/298762.html\">74\/07<\/a>,\u00a0<a href=\"http:\/\/narodne-novine.nn.hr\/clanci\/sluzbeni\/315210.html\">133\/08<\/a>,\u00a0<a href=\"http:\/\/narodne-novine.nn.hr\/clanci\/sluzbeni\/2009_03_31_681.html\">31\/09<\/a>,\u00a0<a href=\"http:\/\/narodne-novine.nn.hr\/clanci\/sluzbeni\/2009_12_156_3894.html\">156\/09<\/a>\u00a0,\u00a0<a href=\"http:\/\/narodne-novine.nn.hr\/clanci\/sluzbeni\/2012_12_143_3067.html\">143\/12<\/a>\u00a0,\u00a0<a href=\"http:\/\/narodne-novine.nn.hr\/clanci\/sluzbeni\/2013_07_86_1936.html\">86\/13<\/a>)<\/p>\n<p>Pravilnik o gra\u0111evnom otpadu i otpadu koji sadr\u017ei azbest (NN\u00a0<a href=\"https:\/\/narodne-novine.nn.hr\/clanci\/sluzbeni\/2016_07_69_1650.html\">69\/16<\/a>)<\/p>\n<p>&nbsp;<\/p>\n<p><strong>ZA\u0160TITA OKOLI\u0160A<\/strong><\/p>\n<p>Zakon o za\u0161titi okoli\u0161a (NN<a href=\"http:\/\/narodne-novine.nn.hr\/clanci\/sluzbeni\/2013_06_80_1659.html\">\u00a080\/13<\/a>\u00a0,\u00a0<a href=\"http:\/\/narodne-novine.nn.hr\/clanci\/sluzbeni\/2015_07_78_1498.html\">78\/15\u00a0\u00a0<\/a>,<a href=\"https:\/\/www.zakon.hr\/z\/194\/Zakon-o-za%C5%A1titi-okoli%C5%A1a\">12\/18, 118\/18)<\/a><\/p>\n<p>&nbsp;<\/p>\n<p><strong>UPRAVLJANJE GROBLJEM<\/strong><\/p>\n<p>Zakon o grobljima (NN\u00a0<a href=\"https:\/\/www.zakon.hr\/z\/381\/Zakon-o-grobljima\">19\/98, 50\/12, 89\/17)<\/a><\/p>\n<p>Zakon o pogrebni\u010dkoj djelatnosti (NN 36\/15, 98\/19)<\/p>\n<p>Pravilnik o grobljima (NN\u00a0<a href=\"http:\/\/narodne-novine.nn.hr\/clanci\/sluzbeni\/2002_08_99_1642.html\">99\/02<\/a>)<\/p>\n<p>Pravilnik o\u00a0 vo\u0111enju grobnog\u00a0 o\u010devidnika i registra umrlih osoba ( NN\u00a0<a href=\"http:\/\/narodne-novine.nn.hr\/clanci\/sluzbeni\/1998_10_143_1776.html\">143\/98<\/a>)<\/p>\n<p>Pravilnik o uvjetima i na\u010dinu obavljanja prijenosa, pogreba i iskopavanja umrlih osoba (NN\u00a0<a href=\"http:\/\/narodne-novine.nn.hr\/clanci\/sluzbeni\/1994_03_23_412.html\">23\/94<\/a>)<\/p>\n<p>&nbsp;<\/p>\n<p><strong>TRGOVINA I BLAGAJNI\u010cKO POSLOVANJE<\/strong><\/p>\n<p>Zakon o trgovini(NN\u00a0<a href=\"http:\/\/narodne-novine.nn.hr\/clanci\/sluzbeni\/2008_07_87_2790.html\">87\/08<\/a>,\u00a0<a href=\"http:\/\/narodne-novine.nn.hr\/clanci\/sluzbeni\/2008_08_96_2998.html\">96\/08<\/a>,<a href=\"http:\/\/narodne-novine.nn.hr\/clanci\/sluzbeni\/2008_10_116_3351.html\">116\/08<\/a>,\u00a0<a href=\"https:\/\/narodne-novine.nn.hr\/clanci\/sluzbeni\/2009_07_76_1857.html\">76\/09<\/a>,;<a href=\"http:\/\/narodne-novine.nn.hr\/clanci\/sluzbeni\/2011_10_114_2222.html\">\u00a0114\/11<\/a>,\u00a0<a href=\"http:\/\/narodne-novine.nn.hr\/clanci\/sluzbeni\/2013_06_68_1349.html\">68\/13<\/a>,\u00a0<a href=\"http:\/\/narodne-novine.nn.hr\/clanci\/sluzbeni\/2014_03_30_508.html\">30\/14<\/a>,\u00a0<a href=\"https:\/\/narodne-novine.nn.hr\/clanci\/sluzbeni\/2019_03_32_648.html\">32\/19<\/a>,\u00a0<a href=\"https:\/\/narodne-novine.nn.hr\/clanci\/sluzbeni\/2019_10_98_1965.html\">76\/19<\/a>)<\/p>\n<p>Zakon o fiskalizaciji u prometu gotovinom (NN\u00a0<a href=\"https:\/\/narodne-novine.nn.hr\/clanci\/sluzbeni\/2012_12_133_2822.html\">133\/12<\/a>,\u00a0<a href=\"https:\/\/narodne-novine.nn.hr\/clanci\/sluzbeni\/2016_12_115_2532.html\">115\/16<\/a>,\u00a0<a href=\"https:\/\/narodne-novine.nn.hr\/clanci\/sluzbeni\/2018_11_106_2064.html\">106\/18<\/a>)<\/p>\n<p>&nbsp;<\/p>\n<p><strong>ZA\u0160TITA NA RADU I ZA\u0160TITA OD PO\u017dARA<\/strong><\/p>\n<p>Zakon o za\u0161titi na radu ( NN\u00a0<a href=\"http:\/\/narodne-novine.nn.hr\/clanci\/sluzbeni\/2014_06_71_1334.html\">71\/14<\/a>,\u00a0<a href=\"http:\/\/narodne-novine.nn.hr\/clanci\/sluzbeni\/2014_10_118_2233.html\">118\/14<\/a>\u00a0,\u00a0<a href=\"http:\/\/narodne-novine.nn.hr\/clanci\/sluzbeni\/2014_12_154_2906.html\">154\/14,\u00a0<\/a><a href=\"https:\/\/www.zakon.hr\/z\/167\/Zakon-o-za%C5%A1titi-na-radu\">94\/18, 96\/18<\/a>)<\/p>\n<p>Pravilnik o izradi procjene rizika ( NN\u00a0<a href=\"http:\/\/narodne-novine.nn.hr\/clanci\/sluzbeni\/2014_09_112_2154.html\">112\/14<\/a>,\u00a0<a href=\"https:\/\/narodne-novine.nn.hr\/clanci\/sluzbeni\/2019_12_129_2615.html\">129\/19<\/a>\u00a0)<\/p>\n<p>Pravilnik o obavljanju poslova za\u0161tite na radu ( NN\u00a0<a href=\"https:\/\/narodne-novine.nn.hr\/clanci\/sluzbeni\/2019_12_126_2542.html\">126\/19)<\/a><\/p>\n<p>Pravilnik o za\u0161titi radnika od rizika zbog izlo\u017eenosti opasnim kemikalijama na radu ( NN\u00a0<a href=\"http:\/\/narodne-novine.nn.hr\/clanci\/sluzbeni\/2015_08_91_1768.html\">91\/15<\/a>\u00a0)<\/p>\n<p>Zakon o za\u0161titi od po\u017eara ( NN\u00a0<a href=\"http:\/\/narodne-novine.nn.hr\/clanci\/sluzbeni\/2010_07_92_2588.html\">92\/10<\/a>\u00a0)<\/p>\n<p>&nbsp;<\/p>\n<p><strong>GRADNJA<\/strong><\/p>\n<p>Zakon o gradnji ( NN\u00a0<a href=\"http:\/\/narodne-novine.nn.hr\/clanci\/sluzbeni\/2013_12_153_3221.html\">153\/13, 20\/17, 39\/19<\/a>,\u00a0<a href=\"https:\/\/narodne-novine.nn.hr\/clanci\/sluzbeni\/2019_12_125_2489.html\">125\/19<\/a>\u00a0)<\/p>\n<p>Zakon o prostornom ure\u0111enju (NN<a href=\"https:\/\/narodne-novine.nn.hr\/clanci\/sluzbeni\/2013_12_153_3220.html\">153\/13<\/a>,<a href=\"https:\/\/narodne-novine.nn.hr\/clanci\/sluzbeni\/2017_07_65_1494.html\">\u00a065\/17<\/a>,<a href=\"https:\/\/narodne-novine.nn.hr\/clanci\/sluzbeni\/2018_12_114_2218.html\">\u00a0114\/18<\/a>,\u00a0<a href=\"https:\/\/narodne-novine.nn.hr\/clanci\/sluzbeni\/2019_04_39_801.html\">39\/19<\/a>,\u00a0<a href=\"https:\/\/narodne-novine.nn.hr\/clanci\/sluzbeni\/2019_10_98_1939.html\">98\/19<\/a>)[\/vc_column_text][\/vc_column][\/vc_row]<\/p>\n","protected":false},"excerpt":{"rendered":"<p>[vc_row][vc_column][vc_column_text]TRGOVA\u010cKA DRU\u0160TVA, OBVEZNI I RADNI ODNOSI Zakon o trgova\u010dkim dru\u0161tvima (NN\u00a0111\/93,\u00a034\/99,\u00a0121\/99,\u00a052\/00,\u00a0118\/03,\u00a0107\/07,\u00a0146\/08, 137\/09,\u00a0125\/11,\u00a0152\/11,\u00a0111\/12,\u00a068\/13,\u00a0110\/15,\u00a040\/19) Zakon o radu (NN\u00a093\/14,\u00a0127\/17 ,98\/19) Zakon o obveznim odnosima (NN\u00a035\/05,\u00a041\/08,\u00a0125\/11,\u00a078\/15,\u00a029\/18) Zakon o vlasni\u0161tvu i drugim stvarnim pravima (NN\u00a091\/96,\u00a068\/98,\u00a0137\/99,\u00a022\/00,\u00a073\/00,\u00a0129\/00,\u00a0114\/01,\u00a079\/06,\u00a0141\/06,\u00a0146\/08,\u00a038\/09,\u00a0153\/09,\u00a0143\/12,\u00a0152\/14,\u00a081\/15\u00a0\u00a0i\u00a094\/17\u00a0) Ovr\u0161ni zakon (NN\u00a0112\/12,\u00a025\/13,\u00a093\/14,\u00a055\/16,\u00a073\/17) Zakon o javnoj nabavi (NN\u00a0120\/16) &nbsp; ZA\u0160TITA POTRO\u0160A\u010cA, OSOBNIH PODATAKA I PRISTUP INFORMACIJAMA Zakon o za\u0161titi potro\u0161a\u010da (NN\u00a041\/14,\u00a014\/19) Zakon o provedbi Op\u0107e&hellip;<\/p>\n","protected":false},"author":1,"featured_media":0,"parent":200,"menu_order":0,"comment_status":"closed","ping_status":"open","template":"","meta":{"footnotes":""},"class_list":["post-217","page","type-page","status-publish","hentry","description-off"],"_links":{"self":[{"href":"https:\/\/kom-ilok.hr\/index.php?rest_route=\/wp\/v2\/pages\/217","targetHints":{"allow":["GET"]}}],"collection":[{"href":"https:\/\/kom-ilok.hr\/index.php?rest_route=\/wp\/v2\/pages"}],"about":[{"href":"https:\/\/kom-ilok.hr\/index.php?rest_route=\/wp\/v2\/types\/page"}],"author":[{"embeddable":true,"href":"https:\/\/kom-ilok.hr\/index.php?rest_route=\/wp\/v2\/users\/1"}],"replies":[{"embeddable":true,"href":"https:\/\/kom-ilok.hr\/index.php?rest_route=%2Fwp%2Fv2%2Fcomments&post=217"}],"version-history":[{"count":17,"href":"https:\/\/kom-ilok.hr\/index.php?rest_route=\/wp\/v2\/pages\/217\/revisions"}],"predecessor-version":[{"id":1032,"href":"https:\/\/kom-ilok.hr\/index.php?rest_route=\/wp\/v2\/pages\/217\/revisions\/1032"}],"up":[{"embeddable":true,"href":"https:\/\/kom-ilok.hr\/index.php?rest_route=\/wp\/v2\/pages\/200"}],"wp:attachment":[{"href":"https:\/\/kom-ilok.hr\/index.php?rest_route=%2Fwp%2Fv2%2Fmedia&parent=217"}],"curies":[{"name":"wp","href":"https:\/\/api.w.org\/{rel}","templated":true}]}}