{"id":1286,"date":"2025-07-21T20:47:09","date_gmt":"2025-07-21T18:47:09","guid":{"rendered":"https:\/\/kom-ilok.hr\/?page_id=1286"},"modified":"2025-10-28T11:25:30","modified_gmt":"2025-10-28T10:25:30","slug":"godisnja-izvjesca-2024","status":"publish","type":"page","link":"https:\/\/kom-ilok.hr\/?page_id=1286","title":{"rendered":"Godi\u0161nja izvje\u0161\u0107a 2024."},"content":{"rendered":"<p>[vc_row][vc_column][vc_column_text]<\/p>\n<p><a href=\"\/wp-content\/uploads\/2025\/bilanca_kom-ilok-2024.pdf\" target=\"_blank\" rel=\"noopener\">BILANCA, stanje na dan 31.12.2024. godine<\/a><br \/><a href=\"\/wp-content\/uploads\/2025\/Biljeske-kom-ilok-2024.pdf\" target=\"_blank\" rel=\"noopener\">Bilje\u0161ke uz financijske izvje\u0161taje na dan 31.12.2024. godine<\/a><br \/><a href=\"\/wp-content\/uploads\/2025\/Godisnje-izvjesce-poslovodstva-kom-ilok-2024.pdf\" target=\"_blank\" rel=\"noopener\">Godi\u0161nje izvje\u0161\u0107e i izvje\u0161\u0107e poslovodstva o stanju Kom-Ilok d.o.o. Ilok za 2024. godinu<\/a><br \/><a href=\"\/wp-content\/uploads\/2025\/plan-poslovanja-kom-ilok-2024.docx\">Godi\u0161nji Plan poslovanja za 2024. godinu<\/a><br \/><a href=\"\/wp-content\/uploads\/2025\/racun-dobiti-gubitka-kom-ilok-2024.pdf\" target=\"_blank\" rel=\"noopener\">RA\u010cUN DOBITI I GUBITKA za razdoblje 01.01.2024. do 31.12.2024.<\/a><\/p>\n<p>[\/vc_column_text][\/vc_column][\/vc_row]<\/p>\n","protected":false},"excerpt":{"rendered":"<p>[vc_row][vc_column][vc_column_text] BILANCA, stanje na dan 31.12.2024. godineBilje\u0161ke uz financijske izvje\u0161taje na dan 31.12.2024. godineGodi\u0161nje izvje\u0161\u0107e i izvje\u0161\u0107e poslovodstva o stanju Kom-Ilok d.o.o. Ilok za 2024. godinuGodi\u0161nji Plan poslovanja za 2024. godinuRA\u010cUN DOBITI I GUBITKA za razdoblje 01.01.2024. do 31.12.2024. [\/vc_column_text][\/vc_column][\/vc_row]<\/p>\n","protected":false},"author":1,"featured_media":0,"parent":204,"menu_order":0,"comment_status":"closed","ping_status":"closed","template":"","meta":{"footnotes":""},"class_list":["post-1286","page","type-page","status-publish","hentry","description-off"],"_links":{"self":[{"href":"https:\/\/kom-ilok.hr\/index.php?rest_route=\/wp\/v2\/pages\/1286","targetHints":{"allow":["GET"]}}],"collection":[{"href":"https:\/\/kom-ilok.hr\/index.php?rest_route=\/wp\/v2\/pages"}],"about":[{"href":"https:\/\/kom-ilok.hr\/index.php?rest_route=\/wp\/v2\/types\/page"}],"author":[{"embeddable":true,"href":"https:\/\/kom-ilok.hr\/index.php?rest_route=\/wp\/v2\/users\/1"}],"replies":[{"embeddable":true,"href":"https:\/\/kom-ilok.hr\/index.php?rest_route=%2Fwp%2Fv2%2Fcomments&post=1286"}],"version-history":[{"count":3,"href":"https:\/\/kom-ilok.hr\/index.php?rest_route=\/wp\/v2\/pages\/1286\/revisions"}],"predecessor-version":[{"id":1289,"href":"https:\/\/kom-ilok.hr\/index.php?rest_route=\/wp\/v2\/pages\/1286\/revisions\/1289"}],"up":[{"embeddable":true,"href":"https:\/\/kom-ilok.hr\/index.php?rest_route=\/wp\/v2\/pages\/204"}],"wp:attachment":[{"href":"https:\/\/kom-ilok.hr\/index.php?rest_route=%2Fwp%2Fv2%2Fmedia&parent=1286"}],"curies":[{"name":"wp","href":"https:\/\/api.w.org\/{rel}","templated":true}]}}